8.
108
What is the highest common factor of 3510 and 50202?
18
What is the greatest common factor of 12765951 and 9732?
2433
Calculate the highest common factor of 162687 and 454152.
381
What is the highest common divisor of 304 and 59553220?
76
What is the greatest common factor of 1401811600 and 1960?
1960
Calculate the highest common divisor of 2577 and 10984033.
859
Calculate the greatest common factor of 275652 and 177444.
1116
Calculate the greatest common divisor of 322929 and 1843605.
477
What is the greatest common divisor of 718113 and 16544?
517
Calculate the greatest common divisor of 7528 and 11068.
4
What is the highest common factor of 1209 and 3039829?
403
What is the greatest common divisor of 168 and 1541224104?
168
What is the greatest common divisor of 11721483 and 19737?
459
Calculate the greatest common factor of 1093000 and 17375.
125
What is the greatest common divisor of 74266 and 74621?
71
What is the greatest common divisor of 7198169 and 10013?
589
Calculate the greatest common factor of 56639800 and 400.
200
Calculate the highest common factor of 208656 and 3857882.
322
What is the greatest common divisor of 18356088 and 2208?
24
Calculate the greatest common factor of 1864 and 4028104.
1864
What is the greatest common divisor of 7379125 and 351091?
3107
Calculate the highest common factor of 7945396 and 4.
4
What is the highest common divisor of 11738754 and 4905?
9
Calculate the greatest common factor of 2360 and 20188620.
1180
Calculate the greatest common divisor of 60 and 7865670.
30
What is the highest common factor of 8 and 341044112?
8
Calculate the greatest common factor of 725492 and 53204.
188
Calculate the greatest common divisor of 12400 and 22783450.
1550
Calculate the highest common factor of 63 and 9418647.
21
What is the greatest common divisor of 1167024 and 7128?
24
Calculate the greatest common divisor of 623 and 2096977505.
623
Calculate the greatest common factor of 1740 and 203133255.
435
Calculate the highest common divisor of 6875 and 5192500.
625
What is the greatest common divisor of 12493 and 31046066?
961
What is the highest common divisor of 279 and 5863061?
31
Calculate the greatest common divisor of 713124 and 89652.
372
Calculate the highest common factor of 2690588 and 1952.
244
What is the highest common divisor of 1345795024 and 32?
16
What is the greatest common factor of 228492 and 612?
36
What is the greatest common divisor of 759 and 42933?
33
Calculate the highest common divisor of 28097124 and 4218.
114
Calculate the highest common factor of 10766 and 37786.
14
Calculate the greatest common divisor of 246398 and 205683.
17
What is the greatest common factor of 288 and 438243072?
96
Calculate the highest common divisor of 62 and 37733882.
62
What is the highest common divisor of 11757980 and 10496?
164
What is the highest common factor of 300226 and 161465?
43
What is the greatest common factor of 551041733 and 302?
151
What is the greatest common factor of 62121 and 12?
3
Calculate the greatest common factor of 120 and 4639240.
40
Calculate the highest common factor of 463856 and 207313.
547
Calculate the greatest common factor of 15 and 5025885.
15
What is the highest common factor of 181740 and 8090?
10
What is the greatest common factor of 10382 and 691477?
179
What is the greatest common divisor of 78 and 12601914?
78
Calculate the highest common factor of 16 and 883251632.
16
Calculate the greatest common factor of 502 and 5367384.
502
Calculate the greatest common factor of 6303 and 3409329.
33
Calculate the greatest common divisor of 1848117 and 52338.
183
What is the highest common divisor of 127238015 and 80?
5
Calculate the greatest common factor of 29895 and 1709175.
15
What is the greatest common divisor of 648 and 545063976?
72
What is the highest common factor of 247328 and 20591?
59
Calculate the highest common divisor of 10370004 and 534.
6
What is the greatest common divisor of 4656 and 69693504?
48
What is the greatest common divisor of 2313 and 192521013?
771
What is the greatest common divisor of 19570 and 3176230?
190
Calculate the greatest common divisor of 2650077 and 99.
9
Calculate the highest common factor of 8052 and 16840956.
132
What is the greatest common factor of 6780829 and 33?
11
What is the highest common factor of 105 and 154981155?
105
What is the highest common factor of 1865377 and 1107?
41
Calculate the greatest common factor of 114 and 226602.
6
What is the highest common factor of 63 and 273189?
21
Calculate the highest common divisor of 23801429 and 3391.
3391
Calculate the highest common divisor of 153415 and 15494.
61
What is the highest common divisor of 69 and 5104735?
23
Calculate the highest common divisor of 343174550 and 701.
701
What is the greatest common factor of 42 and 8779120?
14
What is the highest common divisor of 85167 and 11871?
9
Calculate the highest common factor of 62809443 and 1098.
549
What is the greatest common divisor of 12488 and 55328?
56
What is the greatest common divisor of 72 and 3330?
18
Calculate the greatest common divisor of 196 and 1896636434.
98
Calculate the highest common divisor of 1072 and 78620.
4
What is the highest common divisor of 1025640 and 585816?
1848
What is the greatest common divisor of 10200 and 714?
102
What is the greatest common factor of 34 and 54229798?
2
Calculate the highest common factor of 704 and 155826.
22
What is the greatest common factor of 19544 and 6866924?
1396
What is the greatest common factor of 2352 and 17072580?
588
Calculate the greatest common divisor of 562601472 and 1536.
1536
Calculate the highest common factor of 784 and 6790574.
14
What is the greatest common divisor of 46678754 and 1864?
466
Calculate the highest common factor of 9422 and 28931.
7
What is the highest common divisor of 14352 and 282768?
48
Calculate the highest common divisor of 11749 and 1336733.
379
Calculate the greatest common divisor of 87096 and 81396.
228
Calculate the highest common divisor of 10500 and 165074.
14
Calculate the highest common divisor of 18375 and 25045860.
735
Calculate the greatest common divisor of 9639462 and 6031.
37
Calculate the highest common factor of 4100989 and 2782.
107
What is the greatest common divisor of 1148 and 741846?
14
Calculate the highest common factor of 3462844 and 3927.
77
Calculate the greatest common factor of 8974 and 44426428.
1282
Calculate the highest common divisor of 2757 and 6189.
3
Calculate the highest common divisor of 315 and 8697640.
35
Calculate the greatest common divisor of 478842 and 10374.
546
What is the greatest common factor of 40687 and 1059631?
1769
What is the highest common divisor of 11448 and 945216?
216
What is the highest common factor of 1670 and 8885235?
835
What is the highest common factor of 106552 and 6948312?
5608
Calculate the highest common factor of 8802745 and 7525.
1505
Calculate the highest common divisor of 299016 and 90.
18
What is the greatest common divisor of 101263463 and 35?
7
Calculate the greatest common factor of 26 and 1832589850.
26
Calculate the greatest common factor of 375 and 49187625.
375
Calculate the greatest common factor of 344 and 125472796.
172
What is the highest common factor of 236727 and 757345?
907
Calculate the highest common factor of 633029212 and 948.
316
Calculate the greatest common divisor of 768 and 432336.
48
What is the greatest common factor of 475855740 and 40?
20
Calculate the highest common factor of 1030833 and 165791.
523
Calculate the greatest common factor of 14390635 and 57155.
2485
Calculate the greatest common divisor of 37231 and 500867.
31
What is the greatest common divisor of 80600549 and 4189?
4189
Calculate the highest common factor of 466 and 187906578.
466
Calculate the greatest common divisor of 45551320 and 104800.
5240
What is the highest common factor of 10 and 19707700?
10
What is the greatest common factor of 1500 and 3296520?
60
What is the highest common factor of 120358206 and 369?
369
What is the greatest common divisor of 1993624 and 278200?
856
What is the highest common divisor of 469 and 19910702?
7
Calculate the greatest common divisor of 541584 and 47040.
48
Calculate the greatest common divisor of 21309156 and 7